{"id":239,"date":"2025-01-25T20:38:54","date_gmt":"2025-01-25T19:38:54","guid":{"rendered":"https:\/\/evergreen.fri.uniza.sk\/?page_id=239"},"modified":"2025-02-04T09:11:41","modified_gmt":"2025-02-04T08:11:41","slug":"multiplier-events","status":"publish","type":"page","link":"https:\/\/evergreen.fri.uniza.sk\/index.php\/multiplier-events\/","title":{"rendered":"Multiplier Events"},"content":{"rendered":"\n\n\t<p>1. Preparation and organization of transnational, cross-sectoral conference on environmental data analytics<\/p>\n\n\t\t\t\t<img loading=\"lazy\" decoding=\"async\" src=\"https:\/\/evergreen-wordpress.kicon.fri.uniza.sk\/wp-content\/uploads\/2025\/01\/promo-1024x1024.jpg\" alt=\"promo\" itemprop=\"image\" height=\"1024\" width=\"1024\" title=\"promo\" onerror=\"this.style.display='none'\"  \/>\n\t13-15.11.2024, Poprad, Slovakia<br \/>\nPlanned number of participants: 40<br \/>\n87 attendees in total from Slovakia, Croatia, Austria, Serbia, France, Netherlands, Hungary, Poland, Norway, Macedonia, &#8230;\n\t2. Meeting with vocational secondary school pupils and teachers &#8211; organized by the University of \u017dilina<br \/>\nExpected number of participants: 14 vocational IT secondary school pupils and teachers.<br \/>\n16.11.2022 &#8211; 36 participants including 2 teachers<br \/>\n8.2.2024 &#8211; 30 participants including 2 teachers<br \/>\nSending organization: S\u00fakromn\u00e1 stredn\u00e1 odborn\u00e1 \u0161kola, \u017dilina, Slovakia\n\t3. Meeting with vocational secondary school pupils and teachers &#8211; organized by the University of \u0160ibenik<br \/>\nExpected number of participants: 14 vocational IT secondary school pupils and teachers.<br \/>\n17.9.2024 &#8211; 26 participants including 2 teachers<br \/>\nSending organization: Turisti\u010dko-ugostiteljska \u0161kola, \u0160ibenik, Croatia\n\t4. Meeting with vocational secondary school pupils and teachers &#8211; organized by the University of Pardubice<br \/>\nExpected number of participants: 14 vocational IT secondary school pupils and teachers.<br \/>\n31.5.2024 &#8211; 26 participants including 2 teachers<br \/>\nSending organization: Gymn\u00e1zium Josefa Ressela, Chrudim, Czech Republic\n\t5. Meeting with vocational secondary school pupils and teachers &#8211; organized by the University of Maribor<br \/>\nExpected number of participants: 14 vocational IT secondary school pupils and teachers.<br \/>\n19.-21.12.2023 &#8211; 3 days &#8211; 40 participants including 2 teachers<br \/>\nSending organization: Gymn\u00e1zium Josefa Ressela, Chrudim, Czech Republic\n\t6. Meeting with girls in IT &#8211; organized by the University of \u017dilina<br \/>\nExpected number of participants: 7 girls in IT<br \/>\n25.4.2024 &#8211; 17 participants from various vocational schools<br \/>\n18-19.3.2024 &#8211; 31 participants from Management study programme\n\t7. Meeting with girls in IT &#8211; organized by the Trokut<br \/>\nExpected number of participants: 7 girls in IT<br \/>\n7.3.2024 &#8211; 8 participants\n\t8. Meeting with girls in IT &#8211; organized by the University of Pardubice<br \/>\nExpected number of participants: 7 girls in IT<br \/>\n31.5.2024 &#8211; 28 participants<br \/>\nSending organization: Gymn\u00e1zium Josefa Ressela, Chrudim, Czech Republic\n\t9. Meeting with girls in IT &#8211; organized by the University of Maribor<br \/>\nExpected number of participants: 7 girls in IT<br \/>\n12.6.2024 &#8211; 31 participants\n\t10. Presentation to the business community &#8211; organized by the University of \u017dilina<br \/>\nExpected number of participants: 7 representatived of local IT and green businesses<br \/>\n15.2.2024 &#8211; 20 participants\n\t11. Presentation to the business community &#8211; organized by the Trokut<br \/>\nExpected number of participants: 7 representatived of local IT and green businesses<br \/>\n15.5.2024 &#8211; 11 participants\n\t12. Presentation to the business community &#8211; organized by the University of Pardubice<br \/>\nExpected number of participants: 7 representatived of local IT and green businesses<br \/>\n26.6.2024 &#8211; 10 participants\n\t13. Presentation to the business community &#8211; organized by the University of Maribor<br \/>\nExpected number of participants: 7 representatived of local IT and green businesses<br \/>\n20.3.2024 &#8211; 9 participants\n\n","protected":false},"excerpt":{"rendered":"<div class=\"entry-summary\">\n<div class=\"entry-summary\">\n1. Preparation and organization of transnational, cross-sectoral conference on environmental data analytics 13-15.11.2024, Poprad, Slovakia Planned number of participants: 40 87 attendees in total from Slovakia, Croatia, Austria, Serbia, France, Netherlands, Hungary, Poland, Norway, Macedonia, &#8230; 2. Meeting with vocational&hellip;\n<\/div>\n<div class=\"link-more\"><a href=\"https:\/\/evergreen.fri.uniza.sk\/index.php\/multiplier-events\/\" class=\"more-link\">Continue reading<span class=\"screen-reader-text\"> &ldquo;Multiplier Events&rdquo;<\/span>&hellip;<\/a><\/div>\n<\/div>\n<div class=\"link-more\"><a href=\"https:\/\/evergreen.fri.uniza.sk\/index.php\/multiplier-events\/\" class=\"more-link\">Continue reading<span class=\"screen-reader-text\"> &ldquo;Multiplier Events&rdquo;<\/span>&hellip;<\/a><\/div>\n","protected":false},"author":1,"featured_media":0,"parent":0,"menu_order":0,"comment_status":"closed","ping_status":"closed","template":"","meta":{"_acf_changed":false,"ngg_post_thumbnail":0,"footnotes":""},"class_list":["post-239","page","type-page","status-publish","hentry","entry"],"acf":[],"_links":{"self":[{"href":"https:\/\/evergreen.fri.uniza.sk\/index.php\/wp-json\/wp\/v2\/pages\/239","targetHints":{"allow":["GET"]}}],"collection":[{"href":"https:\/\/evergreen.fri.uniza.sk\/index.php\/wp-json\/wp\/v2\/pages"}],"about":[{"href":"https:\/\/evergreen.fri.uniza.sk\/index.php\/wp-json\/wp\/v2\/types\/page"}],"author":[{"embeddable":true,"href":"https:\/\/evergreen.fri.uniza.sk\/index.php\/wp-json\/wp\/v2\/users\/1"}],"replies":[{"embeddable":true,"href":"https:\/\/evergreen.fri.uniza.sk\/index.php\/wp-json\/wp\/v2\/comments?post=239"}],"version-history":[{"count":4,"href":"https:\/\/evergreen.fri.uniza.sk\/index.php\/wp-json\/wp\/v2\/pages\/239\/revisions"}],"predecessor-version":[{"id":659,"href":"https:\/\/evergreen.fri.uniza.sk\/index.php\/wp-json\/wp\/v2\/pages\/239\/revisions\/659"}],"wp:attachment":[{"href":"https:\/\/evergreen.fri.uniza.sk\/index.php\/wp-json\/wp\/v2\/media?parent=239"}],"curies":[{"name":"wp","href":"https:\/\/api.w.org\/{rel}","templated":true}]}}