{"id":251,"date":"2025-01-25T20:42:14","date_gmt":"2025-01-25T19:42:14","guid":{"rendered":"https:\/\/evergreen.fri.uniza.sk\/?page_id=251"},"modified":"2025-03-21T08:36:04","modified_gmt":"2025-03-21T07:36:04","slug":"other-activities","status":"publish","type":"page","link":"https:\/\/evergreen.fri.uniza.sk\/index.php\/other-activities\/","title":{"rendered":"Other Activities"},"content":{"rendered":"\n<h2>\n\t\tConference FRUCT 33 &#8211; Oracle Cloud Analytics Day + DataWorld workshop &#8211; 25.5.2023\n\t<\/h2>\n\t\t\t\t<img loading=\"lazy\" decoding=\"async\" src=\"https:\/\/evergreen-wordpress.kicon.fri.uniza.sk\/wp-content\/uploads\/2025\/01\/plagat-scaled.jpg\" alt=\"plagat\" itemprop=\"image\" height=\"2560\" width=\"1810\" title=\"plagat\" onerror=\"this.style.display='none'\"  \/>\n<h2>\n\t\tConference FRUCT 35 &#8211; 24-26.4.2024, Tampere, Finland + online\n\t<\/h2>\n\t<p>keynote talk by Michal Kvet: Including Everyone in Green Data Analytics:<\/p>\n\t<iframe loading=\"lazy\" title=\"FRUCT35 Keynote: Including Everyone in Green Data Analytics, by Michal Kvet\" width=\"1200\" height=\"675\" src=\"https:\/\/www.youtube.com\/embed\/dN3qZg3jynM?feature=oembed\" frameborder=\"0\" allow=\"accelerometer; autoplay; clipboard-write; encrypted-media; gyroscope; picture-in-picture; web-share\" referrerpolicy=\"strict-origin-when-cross-origin\" allowfullscreen><\/iframe>\n<h2>\n\t\tConference FRUCT 36 &#8211; 30.10. &#8211; 1.11.2024, Helsinki, Finland + online\n\t<\/h2>\n\t<p>keynote talk by Alenka Baggia: Importance of Environmental Data Analysis &#8211; Bringing it not only to the University Environment:<\/p>\n\t<iframe loading=\"lazy\" title=\"FRUCT36 Keynote: Importance of Environmental Data Analysis - Bringing it not only to ...\" width=\"1200\" height=\"675\" src=\"https:\/\/www.youtube.com\/embed\/g2K0uldWYgw?feature=oembed\" frameborder=\"0\" allow=\"accelerometer; autoplay; clipboard-write; encrypted-media; gyroscope; picture-in-picture; web-share\" referrerpolicy=\"strict-origin-when-cross-origin\" allowfullscreen><\/iframe>\n<h2>\n\t\tPresentation to Oracle Academy community &#8211; webinar &#8211; 28.8.2024, online\n\t<\/h2>\n\t<p>available as on-demand webinar: <a href=\"https:\/\/go.oracle.com\/LP=144058\">https:\/\/go.oracle.com\/LP=144058<\/a><\/p>\n<h2>\n\t\tPresentation to Oracle Academy community &#8211; on-site event &#8211; 7.11.2024, Oracle Slovensko, Digital Park 3\n\t<\/h2>\n<h2>\n\t\t1st Workshop on Environmental data analytics (EDA 2024)\n\t<\/h2>\n\tconference WorldCist 2024<br \/>\n26-28.3.2024, Lodz, Poland<br \/>\n<a href=\"https:\/\/worldcist.org\/2024\/index.php\/workshops\/eda-2014\">https:\/\/worldcist.org\/2024\/index.php\/workshops\/eda-2014<\/a>\n<h2>\n\t\tPresentation of the EverGreen project and environmental data analytics during the Erasmus+ teaching staff mobility\n\t<\/h2>\n\theld by Michal Kvet, Marek Kvet<br \/>\n14-18.10.2024<br \/>\nLinz, Austria\n<h2>\n\t\tCollaboration for the sustainable future &#8211; EverGreen for Eco Minds &#8211; 18.10.2024\n\t<\/h2>\n\t<p>At the Kick-off meeting of the Eco Minds project, the academic community was presented with the results of the EverGreen project. The presentation highlighted EverGreen&#8217;s innovative approaches and key achievements, mainly its focus on strengthening digital readiness and environmental data analysis competencies among educators and students. The discussion showcased how EverGreen&#8217;s outputs, including the development of learning materials on data science and machine learning for environmental applications, align with Eco Minds&#8217; objectives of promoting digital and green transformation in higher education. Attendees engaged in a productive exchange of ideas, identifying synergies between the two projects to enhance cross-sectoral and transnational collaboration further.<\/p>\n\t\t\t\t<a href=\"https:\/\/evergreen-wordpress.kicon.fri.uniza.sk\/wp-content\/uploads\/2025\/03\/WEB-18.10-14-scaled.jpg\" target=\"_self\" itemprop=\"url\">\n\t\t\t\t<img loading=\"lazy\" decoding=\"async\" src=\"https:\/\/evergreen-wordpress.kicon.fri.uniza.sk\/wp-content\/uploads\/2025\/03\/WEB-18.10-14-150x150.jpg\" alt=\"WEB 18.10-14\" itemprop=\"image\" height=\"150\" width=\"150\" title=\"WEB 18.10-14\" onerror=\"this.style.display='none'\"  \/>\n\t\t\t\t<\/a>\n\t\t\t\t<a href=\"https:\/\/evergreen-wordpress.kicon.fri.uniza.sk\/wp-content\/uploads\/2025\/03\/WEB-18.10-13.jpg\" target=\"_self\" itemprop=\"url\">\n\t\t\t\t<img loading=\"lazy\" decoding=\"async\" src=\"https:\/\/evergreen-wordpress.kicon.fri.uniza.sk\/wp-content\/uploads\/2025\/03\/WEB-18.10-13-150x150.jpg\" alt=\"WEB 18.10-13\" itemprop=\"image\" height=\"150\" width=\"150\" title=\"WEB 18.10-13\" onerror=\"this.style.display='none'\"  \/>\n\t\t\t\t<\/a>\n<h2>\n\t\tScience and career day &#8211; 10.12.2024\n\t<\/h2>\n\t<p>Gymn\u00e1zium Vavrinca Benedikta Nedo\u017eersk\u00e9ho, Prievidza<\/p>\n<h2>\n\t\tCollaboration for the sustainable future &#8211; EverGreen for Smart4Food- 10.12.2024\n\t<\/h2>\n\t<p>On 10 December 2024, during the Kick-Off meeting of the Smart4Food project, the EverGreen project was presented to representatives of New Edu, n.o (Slovakia), Kocat\u00fcrk (Turkey), Magnetar Ltd (Cyprus), Momentum Educate + Innovate Limited (Ireland), MERIDAUNIA (Italy), and the Polytechnic of \u0160ibenik (Croatia). The presentation highlighted EverGreen&#8217;s focus on strengthening digital readiness and enhancing environmental data analysis skills among educators and students. Key achievements, including innovative learning materials on data science and machine learning, were showcased. Participants recognized the alignment between EverGreen and Smart4Food objectives, fostering collaboration and synergy between the two projects to promote digital and green transformations in education.<\/p>\n\t\t\t\t<a href=\"https:\/\/evergreen-wordpress.kicon.fri.uniza.sk\/wp-content\/uploads\/2025\/03\/Photo-2.jpg\" target=\"_self\" itemprop=\"url\">\n\t\t\t\t<img loading=\"lazy\" decoding=\"async\" src=\"https:\/\/evergreen-wordpress.kicon.fri.uniza.sk\/wp-content\/uploads\/2025\/03\/Photo-2-150x150.jpg\" alt=\"Photo 2\" itemprop=\"image\" height=\"150\" width=\"150\" title=\"Photo 2\" onerror=\"this.style.display='none'\"  \/>\n\t\t\t\t<\/a>\n\t\t\t\t<a href=\"https:\/\/evergreen-wordpress.kicon.fri.uniza.sk\/wp-content\/uploads\/2025\/03\/Photo-1.jpg\" target=\"_self\" itemprop=\"url\">\n\t\t\t\t<img loading=\"lazy\" decoding=\"async\" src=\"https:\/\/evergreen-wordpress.kicon.fri.uniza.sk\/wp-content\/uploads\/2025\/03\/Photo-1-150x150.jpg\" alt=\"Photo 1\" itemprop=\"image\" height=\"150\" width=\"150\" title=\"Photo 1\" onerror=\"this.style.display='none'\"  \/>\n\t\t\t\t<\/a>\n<h2>\n\t\t2nd Workshop on Environmental data analytics (EDA 2025)\n\t<\/h2>\n\tconference WorldCist 2025<br \/>\n15-17.4.2024, Florianopolis, Brazil<br \/>\n<a href=\"https:\/\/worldcist.org\/index.php\/workshops\/eda-2025\">https:\/\/worldcist.org\/index.php\/workshops\/eda-2025<\/a>\n<h2>\n\t\tOpen Day &#8211; Faculty of Management Science and Informatics, UNIZA &#8211; 13.2.2025\n\t<\/h2>\n<h2>\n\t\tPresentation to Oracle Academy, EMEA region &#8211; 13.2.2025 &#8211; online\n\t<\/h2>\n<h2>\n\t\tPresentation to Department of Informatics, Faculty of Natural Sciences, University of Matej Bel, Bansk\u00e1 Bystrica, Slovakia &#8211; 26.2.2025\n\t<\/h2>\n\t\t\t<a href=\"https:\/\/videohub.oracle.com\/media\/OA+presents+EverGreen+Project+Outputs%2C+on+February+13%2C+2025\/1_joby1x1m\" target=\"_self\">\n\t\t\t\t\t\tAvailable here\n\t\t\t\t\t<\/a>\n\n","protected":false},"excerpt":{"rendered":"<div class=\"entry-summary\">\n<div class=\"entry-summary\">\nConference FRUCT 33 &#8211; Oracle Cloud Analytics Day + DataWorld workshop &#8211; 25.5.2023 Conference FRUCT 35 &#8211; 24-26.4.2024, Tampere, Finland + online keynote talk by Michal Kvet: Including Everyone in Green Data Analytics: Conference FRUCT 36 &#8211; 30.10. &#8211; 1.11.2024,&hellip;\n<\/div>\n<div class=\"link-more\"><a href=\"https:\/\/evergreen.fri.uniza.sk\/index.php\/other-activities\/\" class=\"more-link\">Continue reading<span class=\"screen-reader-text\"> &ldquo;Other Activities&rdquo;<\/span>&hellip;<\/a><\/div>\n<\/div>\n<div class=\"link-more\"><a href=\"https:\/\/evergreen.fri.uniza.sk\/index.php\/other-activities\/\" class=\"more-link\">Continue reading<span class=\"screen-reader-text\"> &ldquo;Other Activities&rdquo;<\/span>&hellip;<\/a><\/div>\n","protected":false},"author":1,"featured_media":0,"parent":0,"menu_order":0,"comment_status":"closed","ping_status":"closed","template":"","meta":{"_acf_changed":false,"ngg_post_thumbnail":0,"footnotes":""},"class_list":["post-251","page","type-page","status-publish","hentry","entry"],"acf":[],"_links":{"self":[{"href":"https:\/\/evergreen.fri.uniza.sk\/index.php\/wp-json\/wp\/v2\/pages\/251","targetHints":{"allow":["GET"]}}],"collection":[{"href":"https:\/\/evergreen.fri.uniza.sk\/index.php\/wp-json\/wp\/v2\/pages"}],"about":[{"href":"https:\/\/evergreen.fri.uniza.sk\/index.php\/wp-json\/wp\/v2\/types\/page"}],"author":[{"embeddable":true,"href":"https:\/\/evergreen.fri.uniza.sk\/index.php\/wp-json\/wp\/v2\/users\/1"}],"replies":[{"embeddable":true,"href":"https:\/\/evergreen.fri.uniza.sk\/index.php\/wp-json\/wp\/v2\/comments?post=251"}],"version-history":[{"count":11,"href":"https:\/\/evergreen.fri.uniza.sk\/index.php\/wp-json\/wp\/v2\/pages\/251\/revisions"}],"predecessor-version":[{"id":713,"href":"https:\/\/evergreen.fri.uniza.sk\/index.php\/wp-json\/wp\/v2\/pages\/251\/revisions\/713"}],"wp:attachment":[{"href":"https:\/\/evergreen.fri.uniza.sk\/index.php\/wp-json\/wp\/v2\/media?parent=251"}],"curies":[{"name":"wp","href":"https:\/\/api.w.org\/{rel}","templated":true}]}}